it of (-2 + 243)*6/6?
2
Let x(s) = 0*s + 2*s - 7*s - 1 - 1. What is the units digit of x(-3)?
3
Suppose -5*o + 8 = -o. Suppose o*i + w = -4*w + 47, 3*w - 75 = -3*i. What is the units digit of i?
6
Let k be (-1)/(-4) + (-28)/(-16). Suppose -2*s = k*s - 140. What is the tens digit of (-4)/10 + 539/s?
1
Let f(j) = -13*j**2 + 5*j - 6. Suppose b - 5*b + 24 = 0. Let q be f(b). What is the units digit of 4/(-18) + q/(-54)?
8
Suppose -1 = -4*l + 3. Suppose 0 = q - l - 2. Suppose 3*d = q*p + 12, -3*p + 4 = 4*d + d. What is the units digit of d?
2
What is the units digit of 840/18 + (-1)/(-3)?
7
Let q = 29 - 17. Suppose 0 = 3*w + q, 4*w - 82 = -2*m + w. What is the tens digit of m?
4
Let q(i) = -5*i - 11. Let c(o) = -1. Let j(l) = c(l) - q(l). What is the tens digit of j(4)?
3
Suppose 0*k + 2*k - 46 = 0. Let h = 12 - k. Let m = h + 16. What is the units digit of m?
5
Let q = 6 + 18. What is the units digit of q?
4
Let p = 10 - 7. Suppose m = w - p + 8, -w = 5*m - 1. What is the units digit of m?
1
Let i(q) = q - 1. Let j be i(7). Let v be 14 + 3*2/j. Suppose 0 = -5*s + v. What is the units digit of s?
3
Suppose -3*x = -10 - 56. What is the tens digit of x?
2
Let b = 225 + -124. What is the units digit of b?
1
Let r be ((-2 - 0)*1)/(-1). Suppose -y - b = -7, -4*y - b + 17 = 1. Suppose 0 = -r*o + y*k + 1, -3*o + 35 = 2*o - k. What is the units digit of o?
8
Let t = -11 + 17. Let u(l) = l**3 - 7*l**2 + 6*l + 2. What is the units digit of u(t)?
2
Let r = -184 + 353. What is the tens digit of r?
6
Let v(z) = 7*z - 4. Suppose 2 = -l + 5. What is the units digit of v(l)?
7
Let c(v) = 5*v. Let y be c(1). Suppose y*s = -15, -4*l - 8 + 1 = s. What is the units digit of 6 - ((-1 - l) + -1)?
7
Let t be (-8)/(-20) - (-22)/(-5). Let u be 21/9 + t/(-6). What is the units digit of ((-8)/u)/(2/(-6))?
8
Suppose -5*c + 64 + 1 = 0. What is the tens digit of c?
1
Suppose 5*x = -3*c + 135, -2*c + x = -3*x - 90. Suppose 4*l = 2*j + 34, -5*l + 3*j + c = 4. What is the units digit of l?
0
Let f(q) = -3*q + 2. Let d be f(-4). Let v = 4 + d. What is the units digit of v?
8
Let u be (50/(-8))/(2/(-8)). Let z be 2/1 + 0 - (-21)/3. Let h = u - z. What is the units digit of h?
6
Let i(z) = 337*z - 6. What is the hundreds digit of i(1)?
3
Let t(h) = h**2 + 13. Let j = 14 - 5. Let w be t(j). What is the units digit of (-4)/18 - w/(-18)?
5
Let y(w) = w - 5. Let s be y(5). Let z(b) = -b + 8. What is the units digit of z(s)?
8
Suppose -4*n + 36 = 2*j, 3*j - 2*n - 62 = -0*n. What is the tens digit of j?
2
What is the tens digit of -2 - (-23 - (4 - 2))?
2
Suppose 28*s + 625 = 33*s. What is the tens digit of s?
2
Let w(t) = t**2 - 4*t - 1. Let n be w(5). Suppose 3*x - n*u = x + 34, 5*x + 5*u = 10. What is the units digit of x?
7
Let n = 1 + -8. Let y be n/(7/(-2)) - 16. What is the tens digit of (-4)/y + (-276)/(-14)?
2
Let k(w) = -2*w**2 + 21*w - 16. What is the tens digit of k(8)?
2
Let k = 41 + -16. Suppose 0 = -3*o + 23 + k. What is the units digit of ((-27)/12)/((-4)/o)?
9
Suppose 5*t - 73 = 2*s, 61 = t + 3*t + s. Let h = t - 9. What is the units digit of h?
6
What is the units digit of 6/(5/90*4)?
7
Suppose -35*h = -39*h + 180. What is the tens digit of h?
4
Let g(q) = 2*q**3 - 6*q**2 - q + 4. What is the units digit of g(4)?
2
Let w(k) = k. Let b be w(3). Let v(i) = 3*i**3 + 5*i - 2*i**3 + b + 2*i + 5*i**2 - 2*i. What is the units digit of v(-3)?
6
Suppose -2*q + 3*q = 12. Let a = -5 + q. What is the units digit of a?
7
Suppose 75 = 7*p - 51. What is the units digit of p?
8
Let n(d) = d**2 - 6*d + 8. Let v be n(6). Suppose 10 = -v*a + 6*a. Let c(r) = -r**3 - 6*r**2 - 5*r + 1. What is the units digit of c(a)?
1
Suppose 0*c - 2*c + 4 = 0. Suppose c*h - 2*i + 18 = 4*h, 0 = -4*h + 3*i + 64. What is the units digit of h?
3
Suppose 5*x + 3*u - 14 = 0, -4*x - 5*u + 10 = x. Suppose -68 = -x*p - 3*d, 5*p - 43 - 42 = 5*d. Let s = -6 + p. What is the tens digit of s?
1
Let x(q) = q**2 + 8*q + 9. Let v be x(-7). Suppose -v*m + 2 = -28. What is the tens digit of m?
1
Suppose 498 = 27*f - 24*f. What is the hundreds digit of f?
1
Suppose 4*j = -j + 395. What is the tens digit of j?
7
Let o(f) = 2*f - 9. Let q = -19 + 6. Let k = q + 20. What is the units digit of o(k)?
5
Let p = 27 - -31. What is the tens digit of p?
5
Let h(i) = i**2 + 7*i - 14. Let f(d) = -d**2 - 7*d + 13. Let m(z) = 6*f(z) + 5*h(z). What is the units digit of m(-7)?
8
Let b(x) = 179*x**2 + 3*x - 4. What is the units digit of b(1)?
8
Suppose -4*k = -2*v + 76, -5*v - 2*k + 88 + 66 = 0. What is the tens digit of v?
3
Let y = -2 - 9. Let m = -8 - y. What is the units digit of m?
3
Suppose m - 2*m = -21. What is the units digit of m?
1
Let d be (-9)/(3/1) + -1. What is the units digit of (4/(-3))/d*9?
3
Let p = -85 + 121. Suppose 0 = 6*l - 2*l - p. What is the units digit of l?
9
Suppose -5*p + 286 = -514. What is the hundreds digit of p?
1
Let p = 27 - -33. What is the units digit of p?
0
Let b = -41 + 65. Let i = b + -14. What is the tens digit of i?
1
Let n(a) = a**3 + 4*a**2 - 11*a + 6. Let k be n(-6). Suppose k = j - c + 4*c - 46, 5*j + 5*c = 230. What is the units digit of j?
6
Let a = -2 + 3. Let o be a - (2 - (2 - 1)). Suppose 6 = h - o. What is the units digit of h?
6
Let a = 20 - 20. Let j(s) = 3*s - 2. Let m be j(6). Suppose 3*q + 7 - m = a. What is the units digit of q?
3
Suppose 202 = -2*c + 72. Let w be (3/(-5))/(1/c). Suppose -2*v - 5*n + w = 0, 4 = 2*n - 6. What is the units digit of v?
7
What is the tens digit of (-6)/(-1 + 15/18)?
3
Let o(h) = -h**3 - 14*h**2 - 13*h. Let u be o(-13). Suppose 5*z - 3*d = 182, u = d - 1 + 5. What is the tens digit of z?
3
Let l(p) = -4*p + 15. What is the units digit of l(-7)?
3
Let n be (6/(-5))/((-14)/(-105)). Let x(w) be the second derivative of -w**3/6 + 3*w**2/2 - 2*w. What is the tens digit of x(n)?
1
Let b = -144 - -270. What is the hundreds digit of b?
1
Let c be (-3)/(-6) + 1/(-2). Suppose -3*l = 4*w + 17 - 5, c = 2*l - 2*w + 8. What is the units digit of (-10)/20 + (-6)/l?
1
Let k = -28 - -43. Suppose -n + k = 4*n. Suppose -5*z + 55 = -0*z + 3*w, -n*w - 29 = -z. What is the tens digit of z?
1
Let q = 13 + -1. What is the units digit of 5*(-1 + q/3)?
5
Let i(u) = 2*u**2 - 8*u + 8. What is the units digit of i(6)?
2
Let s = 1 + -1. Let r(v) = v**3 - v**2 + 3*v + 2. Let j be r(0). Suppose s = -j*a - 0*a + 22. What is the tens digit of a?
1
Let m(h) = 2*h**2 + h. Let i be m(-1). Let x be 3 - -14*(i - 0). What is the units digit of (-1)/(0 + (-1)/x)?
7
Let h(l) be the second derivative of -l**3/3 + 3*l**2 - 3*l. What is the units digit of h(-5)?
6
Suppose -3*f + 3 = 9. Let j be 5/10 + f/4. Suppose -4*g + 5*z + 13 = 0, j = g + 3*z - 6*z + 2. What is the units digit of g?
7
Let q(r) be the third derivative of -r**4/6 + r**3/3 + 3*r**2. Let h be q(-2). Let b = h - 3. What is the units digit of b?
7
Suppose -4*d + 2 = -3*d - 3*w, 4*d - 3*w = 17. Suppose g + d = -3*q + 2*q, -g = -4*q. What is the units digit of ((-4)/8)/(2/g)?
1
Let w = 5 - 0. Suppose 0 = -w*b + 20, 0*u - b = 5*u - 9. What is the units digit of 0 + u + -1 - -2?
2
Let k = -2 - -3. Let t(s) = s**2 + 10*s - 15. Let u be t(-11). What is the units digit of ((-60)/u)/(k - 0)?
5
Let p be 0*1/3*1. Let b(k) = -k - k + k + p. What is the units digit of b(-7)?
7
Suppose -5*m - 23 = -d, 0 = -4*d + m + 21 - 5. Let w(r) = 3*r**2 - 3*r - d*r**2 - r**2 + 3. What is the units digit of w(-3)?
3
What is the tens digit of (-81)/54*(-3)/(18/652)?
6
Let o = -19 + 19. Suppose 4*u - 4*p - 32 = -0*p, 3*p - 12 = o. What is the units digit of u?
2
Let x = -33 - -76. Let f = x - 14. What is the units digit of f?
9
Let t be (-17)/(-7) - 18/42. Suppose -5*g + q + t*q = -8, g = 5*q + 6. What is the units digit of g?
1
Suppose -2 = -2*z - 0. Let i be ((-8)/10)/(z/(-5)). Suppose -5*l + 1 = -i. What is the units digit of l?
1
Let l = 57 - 39. What is the tens digit of l?
1
Let v(n) = n - 9. Let f(t) = -t - 1. Let i(u) = 2*f(u) - v(u). Let z(d) = 2*d - 5. Let y(r) = -5*i(r) - 8*z(r). What is the units digit of y(-6)?
1
What is the units digit of (-1 - -13)*108/24?
4
Let v = 15 - 10. Suppose -2*t + v = -21. What is the units digit of t?
3
Let h(a) = -a**3 - 15*a**2 - 3*a + 21. Let s be h(-15). Suppose 4*p - 226 = -s. What is the units digit of p?
0
S